{"id":52,"date":"2017-05-26T10:55:29","date_gmt":"2017-05-26T10:55:29","guid":{"rendered":"http:\/\/www.rettet-die-alb.de\/?page_id=52"},"modified":"2025-05-06T17:38:26","modified_gmt":"2025-05-06T17:38:26","slug":"impressum","status":"publish","type":"page","link":"https:\/\/www.rettet-die-alb.de\/?page_id=52","title":{"rendered":"Impressum"},"content":{"rendered":"<h2>Angaben gem\u00e4\u00df \u00a7 5 TMG:<\/h2>\n<p>B\u00fcndnis Rettet die Alb<\/p>\n<p>Thomas Wagner<\/p>\n<p>72539 Pfronstetten<\/p>\n<h2>Kontakt:<\/h2>\n<table>\n<tbody>\n<tr>\n<td>Telefon:<\/td>\n<td>01733176024<\/td>\n<\/tr>\n<tr>\n<td>E-Mail:<\/td>\n<td>info@rettet-die-alb.de<\/td>\n<\/tr>\n<\/tbody>\n<\/table>\n<h2>Verantwortlich f\u00fcr den Inhalt nach<br \/>\n\u00a7 55 Abs. 2 RStV:<\/h2>\n<p>Thomas Wagner<\/p>\n<p>72539 Pfronstetten<\/p>\n<p>info@rettet-die-alb.de<\/p>\n<p>Wir sind nicht bereit oder verpflichtet, an<br \/>\nStreitbeilegungsverfahren vor einer Verbraucherschlichtungsstelle<br \/>\nteilzunehmen.<\/p>\n<h2>Haftung f\u00fcr Inhalte<\/h2>\n<p>Als Diensteanbieter<br \/>\nsind wir gem\u00e4\u00df \u00a7 7 Abs.1 TMG f\u00fcr eigene Inhalte auf<br \/>\ndiesen Seiten nach den allgemeinen Gesetzen verantwortlich. Nach \u00a7\u00a7<br \/>\n8 bis 10 TMG sind wir als Diensteanbieter jedoch nicht verpflichtet,<br \/>\n\u00fcbermittelte oder gespeicherte fremde Informationen zu \u00fcberwachen<br \/>\noder nach Umst\u00e4nden zu forschen, die auf eine rechtswidrige<br \/>\nT\u00e4tigkeit hinweisen.<\/p>\n<p>Verpflichtungen zur Entfernung oder Sperrung<br \/>\nder Nutzung von Informationen nach den allgemeinen Gesetzen bleiben hiervon<br \/>\nunber\u00fchrt. Eine diesbez\u00fcgliche Haftung ist jedoch erst ab dem<br \/>\nZeitpunkt der Kenntnis einer konkreten Rechtsverletzung m\u00f6glich. Bei<br \/>\nBekanntwerden von entsprechenden Rechtsverletzungen werden wir diese Inhalte<br \/>\numgehend entfernen.<\/p>\n<h2>Haftung f\u00fcr Links<\/h2>\n<p>Unser Angebot<br \/>\nenth\u00e4lt Links zu externen Webseiten Dritter, auf deren Inhalte wir<br \/>\nkeinen Einfluss haben. Deshalb k\u00f6nnen wir f\u00fcr diese fremden Inhalte<br \/>\nauch keine Gew\u00e4hr \u00fcbernehmen. F\u00fcr die Inhalte der verlinkten<br \/>\nSeiten ist stets der jeweilige Anbieter oder Betreiber der Seiten<br \/>\nverantwortlich. Die verlinkten Seiten wurden zum Zeitpunkt der Verlinkung auf<br \/>\nm\u00f6gliche Rechtsverst\u00f6\u00dfe \u00fcberpr\u00fcft. Rechtswidrige<br \/>\nInhalte waren zum Zeitpunkt der Verlinkung nicht erkennbar.<\/p>\n<p>Eine<br \/>\npermanente inhaltliche Kontrolle der verlinkten Seiten ist jedoch ohne<br \/>\nkonkrete Anhaltspunkte einer Rechtsverletzung nicht zumutbar. Bei<br \/>\nBekanntwerden von Rechtsverletzungen werden wir derartige Links umgehend<br \/>\nentfernen.<\/p>\n<h2>Urheberrecht<\/h2>\n<p>Die durch die Seitenbetreiber<br \/>\nerstellten Inhalte und Werke auf diesen Seiten unterliegen dem deutschen<br \/>\nUrheberrecht. Die Vervielf\u00e4ltigung, Bearbeitung, Verbreitung und jede<br \/>\nArt der Verwertung au\u00dferhalb der Grenzen des Urheberrechtes<br \/>\nbed\u00fcrfen der schriftlichen Zustimmung des jeweiligen Autors bzw.<br \/>\nErstellers. Downloads und Kopien dieser Seite sind nur f\u00fcr den privaten,<br \/>\nnicht kommerziellen Gebrauch gestattet.<\/p>\n<p>Soweit die Inhalte auf dieser<br \/>\nSeite nicht vom Betreiber erstellt wurden, werden die Urheberrechte Dritter<br \/>\nbeachtet. Insbesondere werden Inhalte Dritter als solche gekennzeichnet.<br \/>\nSollten Sie trotzdem auf eine Urheberrechtsverletzung aufmerksam werden,<br \/>\nbitten wir um einen entsprechenden Hinweis. Bei Bekanntwerden von<br \/>\nRechtsverletzungen werden wir derartige Inhalte umgehend<br \/>\nentfernen.<\/p>\n<p>Quelle: <a href=\"https:\/\/www.erecht24. de\">eRecht24<\/a><\/p>\n<div class=\"twttr_buttons\"><div class=\"twttr_twitter\">\n\t\t\t\t\t<a href=\"http:\/\/twitter.com\/share?text=Impressum\" class=\"twitter-share-button\" data-via=\"\" data-hashtags=\"\"  data-size=\"default\" data-url=\"https:\/\/www.rettet-die-alb.de\/?page_id=52\"  data-related=\"\" target=\"_blank\">Tweet<\/a>\n\t\t\t\t<\/div><\/div>","protected":false},"excerpt":{"rendered":"<p>Angaben gem\u00e4\u00df \u00a7 5 TMG: B\u00fcndnis Rettet die Alb Thomas Wagner 72539 Pfronstetten Kontakt: Telefon: 01733176024 E-Mail: info@rettet-die-alb.de Verantwortlich f\u00fcr den Inhalt nach \u00a7 55 Abs. 2 RStV: Thomas Wagner 72539 Pfronstetten info@rettet-die-alb.de Wir sind nicht bereit oder verpflichtet, an Streitbeilegungsverfahren vor einer Verbraucherschlichtungsstelle teilzunehmen. Haftung f\u00fcr Inhalte Als Diensteanbieter sind wir gem\u00e4\u00df \u00a7 7 &hellip; <a href=\"https:\/\/www.rettet-die-alb.de\/?page_id=52\" class=\"more-link\"><span class=\"screen-reader-text\">Impressum<\/span> weiterlesen<\/a><\/p>\n","protected":false},"author":1,"featured_media":0,"parent":0,"menu_order":0,"comment_status":"closed","ping_status":"closed","template":"","meta":{"footnotes":""},"class_list":["post-52","page","type-page","status-publish","hentry"],"_links":{"self":[{"href":"https:\/\/www.rettet-die-alb.de\/index.php?rest_route=\/wp\/v2\/pages\/52","targetHints":{"allow":["GET"]}}],"collection":[{"href":"https:\/\/www.rettet-die-alb.de\/index.php?rest_route=\/wp\/v2\/pages"}],"about":[{"href":"https:\/\/www.rettet-die-alb.de\/index.php?rest_route=\/wp\/v2\/types\/page"}],"author":[{"embeddable":true,"href":"https:\/\/www.rettet-die-alb.de\/index.php?rest_route=\/wp\/v2\/users\/1"}],"replies":[{"embeddable":true,"href":"https:\/\/www.rettet-die-alb.de\/index.php?rest_route=%2Fwp%2Fv2%2Fcomments&post=52"}],"version-history":[{"count":3,"href":"https:\/\/www.rettet-die-alb.de\/index.php?rest_route=\/wp\/v2\/pages\/52\/revisions"}],"predecessor-version":[{"id":131215,"href":"https:\/\/www.rettet-die-alb.de\/index.php?rest_route=\/wp\/v2\/pages\/52\/revisions\/131215"}],"wp:attachment":[{"href":"https:\/\/www.rettet-die-alb.de\/index.php?rest_route=%2Fwp%2Fv2%2Fmedia&parent=52"}],"curies":[{"name":"wp","href":"https:\/\/api.w.org\/{rel}","templated":true}]}}

<h2>Angaben gemäß § 5 TMG:</h2>
<p>Bündnis Rettet die Alb</p>
<p>Thomas Wagner</p>
<p>72539 Pfronstetten</p>
<h2>Kontakt:</h2>
<table>
<tbody>
<tr>
<td>Telefon:</td>
<td>01733176024</td>
</tr>
<tr>
<td>E-Mail:</td>
<td>info@rettet-die-alb.de</td>
</tr>
</tbody>
</table>
<h2>Verantwortlich für den Inhalt nach<br />
§ 55 Abs. 2 RStV:</h2>
<p>Thomas Wagner</p>
<p>72539 Pfronstetten</p>
<p>info@rettet-die-alb.de</p>
<p>Wir sind nicht bereit oder verpflichtet, an<br />
Streitbeilegungsverfahren vor einer Verbraucherschlichtungsstelle<br />
teilzunehmen.</p>
<h2>Haftung für Inhalte</h2>
<p>Als Diensteanbieter<br />
sind wir gemäß § 7 Abs.1 TMG für eigene Inhalte auf<br />
diesen Seiten nach den allgemeinen Gesetzen verantwortlich. Nach §§<br />
8 bis 10 TMG sind wir als Diensteanbieter jedoch nicht verpflichtet,<br />
übermittelte oder gespeicherte fremde Informationen zu überwachen<br />
oder nach Umständen zu forschen, die auf eine rechtswidrige<br />
Tätigkeit hinweisen.</p>
<p>Verpflichtungen zur Entfernung oder Sperrung<br />
der Nutzung von Informationen nach den allgemeinen Gesetzen bleiben hiervon<br />
unberührt. Eine diesbezügliche Haftung ist jedoch erst ab dem<br />
Zeitpunkt der Kenntnis einer konkreten Rechtsverletzung möglich. Bei<br />
Bekanntwerden von entsprechenden Rechtsverletzungen werden wir diese Inhalte<br />
umgehend entfernen.</p>
<h2>Haftung für Links</h2>
<p>Unser Angebot<br />
enthält Links zu externen Webseiten Dritter, auf deren Inhalte wir<br />
keinen Einfluss haben. Deshalb können wir für diese fremden Inhalte<br />
auch keine Gewähr übernehmen. Für die Inhalte der verlinkten<br />
Seiten ist stets der jeweilige Anbieter oder Betreiber der Seiten<br />
verantwortlich. Die verlinkten Seiten wurden zum Zeitpunkt der Verlinkung auf<br />
mögliche Rechtsverstöße überprüft. Rechtswidrige<br />
Inhalte waren zum Zeitpunkt der Verlinkung nicht erkennbar.</p>
<p>Eine<br />
permanente inhaltliche Kontrolle der verlinkten Seiten ist jedoch ohne<br />
konkrete Anhaltspunkte einer Rechtsverletzung nicht zumutbar. Bei<br />
Bekanntwerden von Rechtsverletzungen werden wir derartige Links umgehend<br />
entfernen.</p>
<h2>Urheberrecht</h2>
<p>Die durch die Seitenbetreiber<br />
erstellten Inhalte und Werke auf diesen Seiten unterliegen dem deutschen<br />
Urheberrecht. Die Vervielfältigung, Bearbeitung, Verbreitung und jede<br />
Art der Verwertung außerhalb der Grenzen des Urheberrechtes<br />
bedürfen der schriftlichen Zustimmung des jeweiligen Autors bzw.<br />
Erstellers. Downloads und Kopien dieser Seite sind nur für den privaten,<br />
nicht kommerziellen Gebrauch gestattet.</p>
<p>Soweit die Inhalte auf dieser<br />
Seite nicht vom Betreiber erstellt wurden, werden die Urheberrechte Dritter<br />
beachtet. Insbesondere werden Inhalte Dritter als solche gekennzeichnet.<br />
Sollten Sie trotzdem auf eine Urheberrechtsverletzung aufmerksam werden,<br />
bitten wir um einen entsprechenden Hinweis. Bei Bekanntwerden von<br />
Rechtsverletzungen werden wir derartige Inhalte umgehend<br />
entfernen.</p>
<p>Quelle: <a href="https://www.erecht24. de">eRecht24</a></p>
<div class="twttr_buttons"><div class="twttr_twitter">
					<a href="http://twitter.com/share?text=Impressum" class="twitter-share-button" data-via="" data-hashtags=""  data-size="default" data-url="https://www.rettet-die-alb.de/?page_id=52"  data-related="" target="_blank">Tweet</a>
				</div></div>

<p>Angaben gemäß § 5 TMG: Bündnis Rettet die Alb Thomas Wagner 72539 Pfronstetten Kontakt: Telefon: 01733176024 E-Mail: info@rettet-die-alb.de Verantwortlich für den Inhalt nach § 55 Abs. 2 RStV: Thomas Wagner 72539 Pfronstetten info@rettet-die-alb.de Wir sind nicht bereit oder verpflichtet, an Streitbeilegungsverfahren vor einer Verbraucherschlichtungsstelle teilzunehmen. Haftung für Inhalte Als Diensteanbieter sind wir gemäß § 7 &hellip; <a href="https://www.rettet-die-alb.de/?page_id=52" class="more-link"><span class="screen-reader-text">Impressum</span> weiterlesen</a></p>
